
What are the prime factors of 2763592004?
2, 29, 23824069
List the prime factors of 181319216.
2, 13, 871727
List the prime factors of 11155904.
2, 174311
What are the prime factors of 179522251?
881, 203771
What are the prime factors of 9837656070?
2, 3, 5, 11, 3061, 9739
List the prime factors of 82889079.
3, 7, 13, 23, 43, 307
What are the prime factors of 3672267?
3, 1224089
What are the prime factors of 80470895?
5, 61, 439, 601
List the prime factors of 302157742.
2, 7229, 20899
List the prime factors of 6088968.
2, 3, 19, 4451
List the prime factors of 826004293.
163, 5067511
List the prime factors of 440620.
2, 5, 22031
List the prime factors of 69062806.
2, 17, 83, 24473
List the prime factors of 73125335.
5, 14625067
List the prime factors of 3636871431.
3, 1212290477
What are the prime factors of 71490811?
7, 43, 109, 2179
What are the prime factors of 282718152?
2, 3, 3926641
What are the prime factors of 297789290?
2, 5, 29778929
List the prime factors of 510806750.
2, 5, 227, 9001
List the prime factors of 1116550553.
19963, 55931
What are the prime factors of 49126559?
263, 186793
What are the prime factors of 188055381?
3, 257, 243911
What are the prime factors of 336891723?
3, 7, 47, 173, 1973
List the prime factors of 34631817.
3, 11, 239, 4391
List the prime factors of 3451772481.
3, 1109, 1037503
List the prime factors of 312258912.
2, 3, 7, 419, 1109
List the prime factors of 334683255.
3, 5, 22312217
List the prime factors of 119624157.
3, 1013, 13121
What are the prime factors of 973275254?
2, 7, 1787, 38903
What are the prime factors of 142686761?
7, 3041, 6703
What are the prime factors of 36652195?
5, 7330439
List the prime factors of 259769026.
2, 11, 19, 31, 20047
What are the prime factors of 111682698?
2, 3, 967, 19249
What are the prime factors of 239995515?
3, 5, 15999701
List the prime factors of 240407415.
3, 5, 5342387
List the prime factors of 482215641.
3, 83, 1936609
What are the prime factors of 1373265366?
2, 3, 11, 67, 310553
What are the prime factors of 5157969982?
2, 11, 234453181
What are the prime factors of 1058030221?
13933, 75937
What are the prime factors of 753837956?
2, 71, 2654359
What are the prime factors of 11082931?
1559, 7109
List the prime factors of 95856484.
2, 29, 826349
What are the prime factors of 496415118?
2, 3, 23, 3597211
What are the prime factors of 348860866?
2, 174430433
List the prime factors of 616945.
5, 7, 17627
What are the prime factors of 15663984?
2, 3, 7, 46619
List the prime factors of 351430929.
3, 39047881
What are the prime factors of 261643581?
3, 9690503
List the prime factors of 393828736.
2, 7, 439541
List the prime factors of 115411024.
2, 61, 118249
What are the prime factors of 180520897?
73, 631, 3919
List the prime factors of 817054729.
29, 131, 449, 479
List the prime factors of 380981959.
23, 16564433
List the prime factors of 8058517726.
2, 7, 457, 1259537
What are the prime factors of 6570113947?
17, 379, 1019729
List the prime factors of 49999857.
3, 29, 574711
What are the prime factors of 40248897?
3, 13, 19, 29, 1873
List the prime factors of 377675.
5, 15107
What are the prime factors of 263562936?
2, 3, 7, 13, 9283
What are the prime factors of 5174579233?
5174579233
What are the prime factors of 450661682?
2, 29, 1249, 6221
What are the prime factors of 65964498?
2, 3, 10994083
What are the prime factors of 89790593?
89790593
What are the prime factors of 186093395?
5, 37218679
What are the prime factors of 319096794?
2, 3, 709, 75011
What are the prime factors of 43290015?
3, 5, 359, 8039
What are the prime factors of 1462258985?
5, 11, 73, 113, 293
List the prime factors of 119761887.
3, 7, 5702947
List the prime factors of 134925105.
3, 5, 7, 109, 11789
What are the prime factors of 1513689803?
1513689803
List the prime factors of 16310374.
2, 41, 443, 449
List the prime factors of 296735407.
19, 3253, 4801
List the prime factors of 685422977.
23, 53, 562283
List the prime factors of 40950154.
2, 7, 61, 47951
List the prime factors of 3794026379.
11, 13, 26531653
What are the prime factors of 212536048?
2, 109, 121867
What are the prime factors of 250640779?
250640779
What are the prime factors of 33310814?
2, 16655407
List the prime factors of 3972220236.
2, 3, 139, 193, 457
List the prime factors of 48100428.
2, 3, 269, 4967
What are the prime factors of 187610393?
12329, 15217
List the prime factors of 40378788.
2, 3, 29, 38677
What are the prime factors of 1785624125?
5, 14284993
List the prime factors of 105964619.
105964619
What are the prime factors of 41579766?
2, 3, 743, 3109
List the prime factors of 5791181271.
3, 1930393757
What are the prime factors of 2118138687?
3, 7, 199, 283
List the prime factors of 80884447.
7, 1650703
List the prime factors of 387178756.
2, 96794689
What are the prime factors of 13278635?
5, 2655727
What are the prime factors of 62095797?
3, 6899533
List the prime factors of 164855979.
3, 37, 67, 821
List the prime factors of 225381422.
2, 7, 16098673
List the prime factors of 2627846311.
739, 3555949
What are the prime factors of 589125716?
2, 331, 449, 991
What are the prime factors of 6394575?
3, 5, 11, 23, 337
List the prime factors of 626541651.
3, 31, 881, 2549
List the prime factors of 545451749.
17, 29, 71, 15583
List the prime factors of 305977629.
3, 41, 2487623
What are the prime factors of 39398853?
3, 13, 587, 1721
What are the prime factors of 97927259?
17, 5760427
What are the prime factors of 181225909?
181225909
List the prime factors of 56500001.
56500001
What are the prime factors of 289426269?
3, 11, 53, 127, 1303
List the prime factors of 252265140.
2, 3, 5, 173, 8101
List the prime factors of 321904170.
2, 3, 5, 7, 101, 5059
List the prime factors of 15704273.
13, 1208021
List the prime factors of 156117932.
2, 883, 44201
What are the prime factors of 163687272?
2, 3, 7, 974329
What are the prime factors of 1214439844?
2, 29, 41, 255349
What are the prime factors of 76838659?
76838659
List the prime factors of 7216685.
5, 7, 206191
List the prime factors of 96841800.
2, 3, 5, 11, 67, 73
List the prime factors of 96128429.
19, 239, 21169
What are the prime factors of 22410942?
2, 3, 887, 4211
List the prime factors of 369117801.
3, 13, 242681
What are the prime factors of 12521221?
157, 173, 461
List the prime factors of 26126363.
257, 277, 367
List the prime factors of 101012146.
2, 37, 1365029
What are the prime factors of 6896395208?
2, 4201, 205201
List the prime factors of 26625222.
2, 3, 13, 113783
What are the prime factors of 96058004?
2, 7, 3430643
List the prime factors of 5094135074.
2, 7, 149, 2442059
What are the prime factors of 339426598?
2, 7, 89, 331, 823
List the prime factors of 145366576.
2, 1103, 8237
What are the prime factors of 213858740?
2, 5, 181, 59077
List the prime factors of 1485769369.
7, 212252767
List the prime factors of 10310932.
2, 2577733
List the prime factors of 690990.
2, 3, 5, 31, 743
What are the prime factors of 16372165?
5, 83, 39451
What are the prime factors of 540320574?
2, 3, 113, 796933
What are the prime factors of 138810284?
2, 34702571
What are the prime factors of 32081430?
2, 3, 5, 53, 20177
What are the prime factors of 2088256037?
7, 298322291
List the prime factors of 1871815433.
31, 313, 379, 509
What are the prime factors of 113953491?
3, 12661499
List the prime factors of 21260572.
2, 5315143
What are the prime factors of 520310448?
2, 3, 7, 31, 16651
List the prime factors of 330937054.
2, 7, 293, 80677
List the prime factors of 40537778.
2, 509, 39821
List the prime factors of 1349865747.
3, 157, 955319
What are the prime factors of 5651237265?
3, 5, 211, 1785541
What are the prime factors of 11003061?
3, 83, 44189
What are the prime factors of 40660969?
19, 47, 45533
What are the prime factors of 4267250459?
4267250459
What are the prime factors of 291070605?
3, 5, 7, 2772101
List the prime factors of 1361515036.
2, 7, 48625537
What are the prime factors of 1371831947?
1371831947
What are the prime factors of 785453390?
2, 5, 37, 1321, 1607
What are the prime factors of 343043907?
3, 2239, 51071
What are the prime factors of 2937802047?
3, 979267349
What are the prime factors of 1113930?
2, 3, 5, 12377
What are 